 97*x + 8. Is u(22) a composite number?
True
Let h be 60218/14 - (-12)/(-42). Suppose q - 2*b = 4322, 2*b - h = -q - 3*b. Suppose q - 1685 = 3*r. Is r a composite number?
False
Let t = -870 - -575. Let m be 785 - 1 - 2/(-1). Let p = m + t. Is p a composite number?
False
Let l = 22 - 2. Let y = -17 + l. Suppose 5*b = 5*r - 30, -r = 4*r - y*b - 38. Is r composite?
True
Let f be 1968*(2 - 15/12). Let c be (f/(-30))/(3/(-40)). Suppose o + 4*y = -4*o + 1081, -5*y = -3*o + c. Is o composite?
True
Suppose 59*n - 12101054 = -1440114 + 6649601. Is n a prime number?
True
Let u(w) = w**2 + 6*w + 9. Let g be u(-4). Let j be 0/g*(-3)/(-6). Suppose -2*x - 4*r + 3822 = -3896, j = r + 3. Is x prime?
False
Let w(q) = 302166*q - 1363. Is w(1) a prime number?
False
Suppose t = -5*b + 7041, -2*b = 2*t + 411 - 3229. Let d = 403 + b. Is d a composite number?
False
Let j(s) = s**3 - 4*s**2 + 9*s - 81. Let k be j(14). Let p be 5*((-2304)/10 - 0). Let h = k + p. Is h a composite number?
False
Suppose 4*k + 51*p - 50*p - 630695 = 0, 5*k = 4*p + 788353. Is k prime?
False
Let l(a) = -15*a**2 - 13*a - 2. Let w be l(12). Let j = 20955 + w. Is j composite?
False
Suppose -34*z + 30*z + 2996 = 0. Let k = z + -420. Is k a prime number?
False
Suppose 6 = -2*r - 0*z + 3*z, 3*r - 2*z + 4 = 0. Suppose 0*a + 3*a - 18 = r. Is 1551/a - (-2)/8*2 composite?
True
Let n(b) = -536*b**3 - 4*b**2 - 12*b - 26. Let d be n(-5). Suppose -12*u - d = -26*u. Is u composite?
True
Let s = -40 + 41. Let b be (1 - s/5)/(14/(-2905)). Let p = -24 - b. Is p composite?
True
Let j be -27652 - (-17 - -15)*1/2. Let u = 47714 + j. Is u prime?
True
Suppose 0 = 4*k + 4*c + 32676, 9*k - 12*k + 4*c = 24486. Let m = 11653 + k. Is m composite?
True
Let a(m) = -70*m**2 + 141*m + 246. Let x(f) = 14*f**2 - 28*f - 49. Let t(q) = 2*a(q) + 11*x(q). Is t(9) a composite number?
False
Suppose 12*m - 22*m - 51800 = 0. Let d = 1347 - m. Is d composite?
True
Let u(z) = -z**2 + 29*z. Let t be u(23). Let k = 105 - t. Is ((-2)/3 + 5291/k)/(-1) a prime number?
False
Is (-241211997)/(-5363) + (-4)/62 a composite number?
True
Let q be 21/((-130)/(-64) + -2). Let h = q - -717. Is h/((-12)/(-4)) + 3 a prime number?
False
Suppose -3*u - 191 = -401. Suppose 76*n = u*n + 8166. Is n prime?
True
Let y be 2/(2/(-4622)*-2). Let q = 165 - y. Let w = -735 - q. Is w composite?
True
Let z(t) be the third derivative of t**6/120 - 7*t**5/30 + t**4/12 + 19*t**3/6 + t**2 + 5*t. Is z(22) a composite number?
True
Let n = -19 - -21. Suppose 0 = -5*c - 7 + 2, -4*g + n*c + 89854 = 0. Is g composite?
True
Let s = 2003 - 92. Let o = s - 958. Is o a composite number?
False
Let a = -74820 - -110561. Is a composite?
True
Let f(y) be the first derivative of -y**3/3 - 6*y**2 + 12301*y - 150. Is f(0) composite?
False
Suppose 0 = -h + 3*o + 53203, 3*h = 94*o - 89*o + 159609. Is h a prime number?
False
Suppose 2*a = 5*a + 4*m - 2705865, 0 = 2*a + 5*m - 1803896. Is a composite?
False
Suppose -11248*m = -11220*m - 6900292. Is m prime?
True
Suppose -2*t = t. Let f be 1 + t - (3 - 0). Let u = 13 - f. Is u prime?
False
Suppose 3*f = -4*s + 6228884, 4*s - 4409334 = -5*f + 1819534. Is s prime?
False
Suppose 5*k - 13*k + 16 = 0. Let t(q) = q**2 + q - 3. Let a be t(k). Let b(u) = 136*u**2 + 7*u - 11. Is b(a) a composite number?
True
Let s = 571 + 46422. Is s prime?
True
Let l(y) = 4*y - 16. Let b be l(6). Suppose -12*c + 12 = -b*c. Suppose -3*x = -3*t + 2643, 0 = 4*t - 0*t + c*x - 3510. Is t a prime number?
False
Suppose 0 = 2*u - 741 - 351. Let g = u + -13. Suppose 0 = 2*a - 1245 - g. Is a a prime number?
False
Let z be (61/2)/(1/(-2)). Let m = z - -66. Suppose m*l = -2*k + 4957, -k - 4*k = -2*l + 2006. Is l a composite number?
True
Let t(i) = 47*i**2 - i - 29. Let p = -131 + 137. Is t(p) a prime number?
True
Suppose 6*w = 4*w + 4. Suppose 4*u = w*x + 262, 0 = 2*u + 3*x - 112 - 31. Is u a prime number?
True
Suppose -86639 = -c - 9*x + 15*x, -3*c + x = -259883. Is c a prime number?
True
Let u(v) = -1565*v - 13. Let w be u(-8). Let p = 10472 + w. Is p a composite number?
True
Suppose 2*u - 353284 = -5*k + 1774199, 3*u = -5*k + 3191242. Is u prime?
False
Let x = -72 + 90. Suppose -x*n - 3989 = -19*n. Is n composite?
False
Let g(o) = o**3 + 7*o**2 + 11*o + 4. Let v be g(-4). Let p(u) = -2*u**2 - 5*u**2 + 7*u + 4*u**2 + u**3 - 14. Is p(v) a prime number?
False
Let m = 73 - 29. Let g be (306/4)/((-3)/m). Let r = 787 - g. Is r a prime number?
False
Suppose -3*w = -2063 - 28417. Let h = w + -25476. Is h/(-12) + 2/12*4 a composite number?
False
Let y = -86 + 90. Suppose 0*o - 20304 = -y*h - 4*o, 5 = -o. Suppose 0 = 5*g - 22356 + h. Is g prime?
False
Suppose 2*o = -2*n - 2*o - 14, -4*n = 5*o + 37. Let g = n + -21. Let s = g + 37. Is s a prime number?
True
Let t = 17 + 12. Suppose -t*c - 9*c + 726598 = 0. Is c prime?
True
Let m(v) = 29*v**2 + 133*v - 1313. Is m(-139) a composite number?
False
Let l = -38488 + 23540. Let w = 20567 - l. Is w a prime number?
False
Let n(j) = j**2 + 15*j + 11. Let b be n(-10). Let q = b - -43. Is (-2)/q*(-4072 + -6) a prime number?
True
Suppose a + 3 = 9. Suppose a*f + 8 = -16. Is (((-5700)/18)/(-5))/(f/(-6)) a prime number?
False
Let c(u) = -u**3 - 24*u**2 + 34*u + 67. Let l(p) = -p**3 - 25*p**2 + 35*p + 68. Let f(b) = -6*c(b) + 5*l(b). Is f(-17) a composite number?
False
Suppose 5*w = -a + 56101, -4*w = 4*a - w - 224336. Is a a composite number?
False
Let k(w) = w**3 + 2*w**2 - 6*w - 7. Let f be k(-3). Suppose -5*h - 3784 = -4*g, -g + 5*g + f*h - 3756 = 0. Is g composite?
False
Suppose 2 + 15 = h - 3*g, 3 = -h - 2*g. Suppose 4*s - 4*t - 4 = 0, -3*s + 5*s - h*t - 17 = 0. Is 249/1 + (s - -8) a prime number?
False
Suppose -16 = 2*b - 26. Suppose 0 = -b*n + 2*n + 18066. Is n composite?
True
Let l(v) = 920*v**2 + 46*v + 13. Is l(13) a prime number?
False
Let q(x) = 6059*x**2 - 32*x + 495. Is q(26) a composite number?
False
Suppose i - 4 = 0, -4*d + 948 - 3312 = -3*i. Is (-168)/d + (-1 - 30868/(-7)) composite?
False
Suppose 21*t - 233274 = 4*t. Suppose 3*i - t = -3*i. Is i a composite number?
False
Suppose -4*i - 9 = -2*d - 3, 5*i + 10 = 5*d. Let w be ((2 + -1)/i)/((-1)/2). Is w/(-2)*(-89 + 10) prime?
True
Suppose -12 = -4*k, 5*d - 2*k - 2440 = 1279. Suppose d = -c - 252. Let y = -408 - c. Is y prime?
False
Is 84016/20 - ((-426)/30 - -14) composite?
False
Let x(v) = 26726*v + 1101. Is x(31) a prime number?
False
Is 10*30/(-225)*(-168339)/4 a prime number?
True
Let c be 3/(-5) + (-1046487)/(-195). Is (4 + c/(-6))*-3 a composite number?
False
Let p = 190 - -42. Suppose 3*c - y - 751 = 0, 0 = c - 2*c + 4*y + p. Suppose 3*v - 4*v + 5*h = -100, h - c = -3*v. Is v prime?
False
Suppose 18 - 14 = d. Let q be 4/(-8)*(-1)/(1/3798). Suppose d*c - 953 = q. Is c prime?
False
Let w(k) = -k**3 + 22*k**2 - 16*k - 16. Suppose 3*g + 6 = 3, 5*g = -5*y - 15. Let o be -3*(y/(-3))/(8/(-84)). Is w(o) prime?
True
Let l(p) = p**3 + 4*p**2 + 4*p + 2. Let u be l(-3). Suppose 3*y - 46 = -5*s, -2477*s = -2475*s + 3*y - 22. Is (u/(-3))/(0 - s/(-66936)) a prime number?
True
Let n(b) = 5*b**2 - 22*b - 10. Let o be n(5). Suppose -13*f + 529 = 3*a - 15*f, 5*f = -o*a + 915. Is a composite?
False
Let k be (-270)/1215 - (-10)/(-9)*1618. Suppose 3*u = r + 3*r + 1127, -5*r = 2*u - 782. Let o = u - k. Is o composite?
False
Suppose 5*y + 869788 = 4*z, 471085 = 2*z + 5*y + 36191. Is z composite?
True
Let n(a) be the third derivative of -a**5/4 - a**4/6 + a**3/3 - 16*a**2. Let l be n(-5). Let y = l - -552. Is y prime?
True
Suppose 0 = -3*s + 7*s + 24. Suppose 14*z + 8102 = -115154. Is 33/22*z/s a composite number?
True
Let l = 69 + -66. Let k = 1398 + -616. Suppose -l*b = -b - k. Is b composite?
True
Let f(g) = 14835*g**3 + 14*g**2 - 79*g - 13. Is f(3) a composite number?
True
Let t = -161 + 159. Is -8 + 547 - (4 + t) composite?
True
Is 2685/(-10)*12995/(-69) - 2/4 composite?
True
Suppose 5*r - 5 = 0, 4*r + 14 = -5*o + 3*r. Let v be (0 - (1 - 2)) + 0 - o. Suppose v*s + 5*t = t + 2760, -3*s - 2*t + 2065 = 0. Is s a prime number?
False
Suppose 0 = 63*d + 56*d - 30730679. Is d a prime number?
True
Let t be (30/(-9))/(-5)*3. Let h be -1*3*(t - 5520/(-18)). Let p = -619 - h. Is p a composite number?
False
Suppose 42*g = -8*g - 57*g + 11718319. Is g a prime number?
True
Let h = 52 + -14. Let k = h - 